e 2) to base 5
21424413
Convert 8fddd6 (base 16) to base 2.
100011111101110111010110
Convert -203220033 (base 4) to base 12.
-70553
16364640 (base 7) to base 2
110000101101000110110
166541 (base 8) to base 9
102321
2b43473 (base 12) to base 7
134531613
Convert 1189a5 (base 14) to base 12.
24b345
110100011111001001111011 (base 2) to base 5
12010242344
3bb8e (base 15) to base 4
232301321
Convert 113434414 (base 5) to base 12.
217095
What is -268863 (base 9) in base 4?
-220002201
What is 11100121001201 (base 3) in base 14?
443741
2200000111101 (base 3) to base 16
15a141
What is -4333300412 (base 5) in base 8?
-43303343
220110022002 (base 3) to base 10
481358
-1507329 (base 10) to base 11
-93a52a
10110001010011 (base 2) to base 6
124311
1282726 (base 9) to base 3
1022202210220
1130531 (base 8) to base 16
4b159
Convert -5817b (base 14) to base 7.
-1551614
Convert -1021002001000 (base 3) to base 11.
-418a04
1698842 (base 10) to base 12
69b162
What is -77474 (base 11) in base 10?
-112369
Convert 241140132 (base 5) to base 15.
1705b2
Convert 3325590 (base 12) to base 14.
141d256
-231402 (base 5) to base 10
-8352
What is 2453210 (base 8) in base 10?
677512
What is 111101000101000010 (base 2) in base 5?
31001203
-1903800 (base 10) to base 2
-111010000110010111000
What is 2003613 (base 7) in base 10?
236631
-2194 (base 15) to base 4
-1233022
What is 229c6d (base 15) in base 11?
a2a06a
2555502 (base 6) to base 16
2229e
-17c527 (base 16) to base 15
-20b884
What is -120568 (base 15) in base 16?
-d2698
212101021210 (base 3) to base 4
1300112301
12021203132 (base 4) to base 10
1611998
What is 122411 (base 12) in base 5?
33404344
What is 236080 (base 14) in base 11?
755212
Convert -101300020 (base 4) to base 6.
-1320344
Convert -10311520 (base 6) to base 7.
-2410056
3bc49c (base 13) to base 2
101100011010001110011
What is -173476 (base 15) in base 10?
-1124886
What is 101425113 (base 6) in base 7?
20653245
-2460044 (base 12) to base 14
-d28668
What is 4344256 (base 7) in base 6?
15223324
8152bd (base 15) to base 13
13711b4
What is -3514454 (base 7) in base 8?
-1535236
What is 173570 (base 8) in base 15?
13b87
Convert -3120130123 (base 4) to base 11.
-55609a
What is 20102210002 (base 3) in base 7?
1035230
-504654 (base 8) to base 12
-802b8
Convert -1745515 (base 9) to base 10.
-975092
What is 587784 (base 10) in base 15?
b9259
101110011011010011000 (base 2) to base 6
52335024
1266b76 (base 12) to base 3
20210220212000
Convert 1220000122 (base 3) to base 7.
213305
What is 53867 (base 13) in base 14?
3cd7b
-2381373 (base 9) to base 3
-2102201102110
What is 60746 (base 8) in base 6?
312010
Convert -143143102 (base 6) to base 15.
-3d4e4e
What is a63322 (base 12) in base 15?
36ac38
What is -5bfcbd (base 16) in base 4?
-112333302331
102211212220 (base 3) to base 4
320323230
Convert 77c9b (base 14) to base 2.
1000110111100110001
Convert -e862 (base 15) to base 3.
-2111102002
Convert -3110686 (base 9) to base 13.
-461a57
-366 (base 14) to base 6
-3050
Convert -101011000011110100110 (base 2) to base 5.
-330122412
895b2 (base 14) to base 8
1212550
What is -1332000322 (base 4) in base 10?
-516154
Convert 1001101010202 (base 3) to base 16.
885b3
-232100200 (base 4) to base 16
-2e420
846c91 (base 14) to base 4
101010210333
What is 5b339 (base 12) in base 2?
11110000100011101
Convert 11403433 (base 6) to base 3.
200012210010
What is 1101024112 (base 5) in base 7?
26032561
What is 13539 (base 16) in base 12?
39989
-4d1c63 (base 15) to base 13
-9c7c14
What is -7469b (base 12) in base 16?
-255d7
Convert -1110020230 (base 4) to base 10.
-344620
1044330434 (base 5) to base 9
4355157
Convert -2232300 (base 4) to base 16.
-2bb0
What is -10101110001001001 (base 2) in base 4?
-111301021
Convert 61358 (base 11) to base 5.
10331403
What is 82130 (base 10) in base 9?
134585
What is -101520505 (base 6) in base 7?
-21012212
Convert 16971 (base 10) to base 6.
210323
Convert 353c6 (base 14) to base 13.
47083
Convert 1153004 (base 8) to base 15.
63d8c
5741159 (base 10) to base 5
2432204114
Convert a4cc9 (base 14) to base 7.
3244242
24054552 (base 7) to base 15
2c1796
What is -14b989 (base 15) in base 10?
-1001154
-1a0172 (base 11) to base 10
-307661
12003310 (base 4) to base 15
754a
851b7 (base 14) to base 5
40241110
35123145 (base 6) to base 11
680609
Convert -3003316 (base 7) to base 12.
-150b34
What is -3bf0cd (base 16) in base 15?
-528de9
What is 11022022210 (base 3) in base 8?
245501
What is -143334 (base 7) in base 11?
-19822
Convert 20936 (base 10) to base 6.
240532
Convert -13077 (base 9) to base 14.
-32dc
What is 110110000010101101000010 (base 2) in base 12?
48b24aa
Convert -33223011 (base 4) to base 15.
-1404c
Convert -2a37953 (base 12) to base 13.
-19cb378
-16c4a0 (base 13) to base 4
-2023013211
What is -221413 (base 9) in base 14?
-362cd
1fe035 (base 16) to base 13
581b04
What is -20302003 (base 4) in base 14?
-d175
10385a (base 12) to base 10
255238
Convert 523880 (base 12) to base 15.
1a7c79
Convert a6942 (base 11) to base 14.
40975
Convert -134376 (base 13) to base 2.
-1110001110111000000
Convert -170a94c (base 13) to base 16.
-71ab47
What is -44381 (base 10) in base 16?
-ad5d
-2567655 (base 9) to base 8
-5264374
What is -10101010100 (base 3) in base 6?
-1231313
Convert 51970 (base 11) to base 15.
1766c
What is -11717031 (base 8) in base 6?
-131352133
-11001000110101111 (base 2) to base 12
-4b613
230213202033 (base 4) to base 2
101100100111100010001111
What is 122102200010 (base 3) in base 13?
c023a
-1d647 (base 16) to base 5
-12323031
What is 73bcb (base 13) in base 12?
a0828
101002121101 (base 3) to base 9
332541
Convert -56306144 (base 7) to base 10.
-4876169
-2112223233 (base 4) to base 15
-c2d19
What is 1723058 (base 9) in base 5?
221211041
-225970 (base 10) to base 7
-1630543
Convert -111233030 (base 4) to base 3.
-11112010122
10561233 (base 7) to base 12
3859a9
Convert 16ebd (base 15) to base 8.
220733
-55252323 (base 6) to base 3
-10010002222120
512126 (base 7) to base 4
111102113
What is -213221131 (base 4) in base 5?
-20144042
Convert 88462 (base 12) to base 8.
540212
Convert 125463 (base 9) to base 15.
1789c
2247014 (base 9) to base 2
100100111111110110100
What is 1232272 (base 8) in base 6?
11151310
Convert -33235150 (base 6) to base 4.
-3310032222
-17aa77 (base 13) to base 6
-20430310
10340204 (base 6) to base 5
34333044
Convert 5dd173 (base 14) to base 5.
1311140442
Convert -212100201 (base 3) to base 4.
-10022011
Convert -115320 (base 10) to base 5.
-12142240
What is -2545042 (base 8) in base 11?
-443294
What is -1010011011101110101 (base 2) in base 10?
-341877
What is -46b53 (base 14) in base 11?
-108549
Convert -1335424 (base 7) to base 10.
-177202
What is -b7971 (base 13) in base 2?
-1010000110110011011
What is -21511443 (base 6) in base 14?
-12bb6b
Convert 1a364aa (base 12) to base 7.
65103502
Convert -12514335 (base 7) to base 15.
-179bec
-1110000101110001010101 (base 2) to base 12
-12a1645
Convert -32b260 (base 12) to base 16.
-c51a8
Convert 1101010111110101 (base 2) to base 7.
315455
21713 (base 15) to base 10
106218
11562d2 (base 15) to base 2
101111011001001101010110
What is 81c77 (base 13) in base 15?
48eab
What is 8674406 (base 9) in base 3?
22202111110020
What is -29ad0 (base 14) in base 3?
-12021012122
Convert 4b1448 (base 12) to base 3.
2022021110102
20504042 (base 7) to base 6
101044535
4233504 (base 7) to base 12
208843
Convert -14917b (base 12) to base 5.
-42110232
9f1ec6 (base 16) to base 13
2211699
What is 1e9c8 (base 16) in base 12?
60688
Convert -1245054040 (base 6) to base 16.
-e1ca08
142431100 (base 5) to base 12
301484
What is -802738 (base 9) in base 16?
-73d54
Convert -23122200 (base 5) to base 11.
-13213a
1114122 (base 5) to base 13
90a9
What is 22723a5 (base 12) in base 14?
c44153
Convert 22000100201 (base 3) to base 16.
2681e
What is -75930 (base 12) in base 2?
-100101110111110100
Convert 1387820 (base 12) to base 4.
32322333120
Convert -1142117 (base 11) to base 14.
-39c94d
What is 115460 (base 11) in base 6?
3530425
Convert 388ab (base 14) to base 3.
21001120011
What is -128737 (base 10) in base 11?
-887a4
-374354 (base 8) to base 16
-1f8ec
What is -1003202411 (base 5) in base 3?
-10202221112202
What is -164001 (base 9) in bas